378 and 198.
66
Calculate the greatest common divisor of 35374 and 12005628.
1538
What is the highest common factor of 93 and 3335750877?
93
Calculate the highest common factor of 60624192 and 456.
24
Calculate the highest common divisor of 90 and 193855500.
90
What is the highest common factor of 45500 and 948948?
364
What is the highest common divisor of 10492 and 33340953?
2623
Calculate the greatest common factor of 635470 and 59732.
218
Calculate the greatest common divisor of 2 and 14428598.
2
Calculate the highest common factor of 31262474 and 1431.
53
What is the greatest common factor of 652 and 117320228?
652
Calculate the greatest common divisor of 415498 and 18094.
166
What is the highest common divisor of 8414669 and 29?
29
What is the greatest common factor of 9024 and 571332?
564
What is the highest common divisor of 184585 and 4658705?
2755
What is the greatest common divisor of 242540 and 106790?
1810
What is the greatest common divisor of 13809635 and 135?
5
Calculate the greatest common divisor of 775415 and 10.
5
Calculate the greatest common factor of 2050947 and 31968.
999
Calculate the highest common divisor of 411 and 81934357.
137
What is the greatest common divisor of 55228 and 404?
4
What is the highest common divisor of 386604206 and 498?
166
Calculate the greatest common divisor of 13132 and 145236.
196
Calculate the greatest common factor of 1640 and 7044538.
82
Calculate the highest common factor of 119321975 and 5025.
1675
Calculate the greatest common factor of 143524737 and 606.
303
Calculate the highest common divisor of 1027377410 and 10.
10
What is the greatest common divisor of 9440 and 1115395?
295
What is the highest common factor of 67890 and 97836?
186
Calculate the highest common divisor of 103529419 and 3661.
3661
What is the highest common factor of 1611552 and 312?
24
Calculate the highest common divisor of 810 and 1071603.
27
Calculate the greatest common divisor of 72563622 and 155.
31
What is the greatest common divisor of 20964675 and 13900?
3475
Calculate the highest common factor of 465536 and 2176.
128
What is the highest common divisor of 4 and 11497424?
4
What is the highest common factor of 183 and 44381221?
61
Calculate the greatest common divisor of 711 and 1454454.
9
What is the highest common factor of 2969301 and 678?
339
Calculate the highest common divisor of 40 and 3550420.
20
What is the greatest common divisor of 4508442 and 3129?
447
What is the greatest common factor of 57164 and 1421263?
461
Calculate the greatest common factor of 210 and 27393414.
6
What is the greatest common factor of 1119963 and 390?
39
What is the greatest common factor of 453630075 and 655?
655
Calculate the greatest common divisor of 137702012 and 74.
74
Calculate the highest common factor of 19845024 and 222.
222
What is the highest common factor of 3010 and 323790?
430
Calculate the greatest common divisor of 12 and 4253100.
12
What is the greatest common divisor of 37044506 and 73769?
1039
What is the greatest common factor of 2907334 and 8656?
1082
What is the greatest common factor of 128286 and 4608?
18
Calculate the highest common divisor of 54456 and 4362.
6
Calculate the highest common divisor of 16674 and 576047794.
5558
Calculate the highest common factor of 16 and 302955592.
8
What is the highest common factor of 2948 and 28175950?
22
What is the greatest common factor of 74476206 and 54?
54
What is the greatest common factor of 947135 and 16765?
35
Calculate the greatest common divisor of 179478 and 15930.
1062
What is the highest common factor of 411153414 and 147?
147
Calculate the greatest common factor of 2299739 and 702.
13
What is the greatest common factor of 692550 and 84915?
135
What is the greatest common factor of 17445 and 117253660?
5815
What is the greatest common divisor of 5254061 and 2363?
139
What is the greatest common divisor of 30509188 and 6794?
86
What is the highest common factor of 1136 and 140855054?
142
Calculate the greatest common factor of 39135590 and 2990.
130
Calculate the greatest common divisor of 26047318 and 22.
22
What is the greatest common factor of 69920 and 55820?
20
Calculate the highest common divisor of 190812 and 40236.
12
Calculate the greatest common divisor of 9462 and 9633.
57
Calculate the greatest common divisor of 1470248 and 2794168.
6968
Calculate the highest common divisor of 69 and 11167397.
23
Calculate the highest common divisor of 6624 and 16396608.
2208
What is the highest common divisor of 45 and 4489635?
15
What is the highest common divisor of 16752 and 578693652?
4188
What is the greatest common divisor of 135098008 and 464?
232
What is the greatest common factor of 1182299 and 26588?
289
What is the greatest common divisor of 960 and 115215?
15
What is the greatest common divisor of 84074682 and 758172?
16482
Calculate the greatest common factor of 3432 and 166824.
24
Calculate the highest common factor of 3152725 and 16100.
575
What is the greatest common divisor of 495 and 140153805?
495
What is the greatest common factor of 291110369 and 14483?
2069
Calculate the greatest common factor of 15759 and 215679.
51
What is the greatest common divisor of 211633918 and 238?
34
Calculate the highest common factor of 23607848 and 88.
88
What is the highest common factor of 149 and 1720519837?
149
Calculate the greatest common factor of 2120 and 22156544.
424
What is the greatest common factor of 2881063 and 783?
29
Calculate the greatest common divisor of 238304520 and 34880.
4360
What is the highest common factor of 529404 and 20388?
12
What is the greatest common factor of 4880483 and 1397?
127
Calculate the highest common factor of 67190361 and 4466.
203
What is the highest common factor of 111641803 and 17716?
4429
What is the highest common factor of 12815 and 1326875?
55
Calculate the highest common divisor of 3408 and 8664414.
426
What is the highest common factor of 918169 and 406?
203
What is the greatest common factor of 192 and 4435524?
12
Calculate the greatest common factor of 18072020 and 12880.
460
What is the greatest common factor of 16 and 186581552?
16
What is the highest common divisor of 41608 and 58699972?
2972
What is the highest common factor of 45548 and 171572?
236
What is the greatest common factor of 258121811 and 394?
197
What is the greatest common divisor of 45548 and 2848520?
236
What is the highest common divisor of 71148 and 5866?
14
Calculate the greatest common divisor of 351511 and 206465.
347
Calculate the highest common factor of 1188 and 1191780.
108
What is the highest common divisor of 18 and 29400039?
9
Calculate the greatest common divisor of 378078 and 14490924.
6198
What is the greatest common divisor of 3955954 and 1012?
46
Calculate the greatest common divisor of 22 and 72755474.
22
Calculate the highest common factor of 116 and 6232.
4
Calculate the highest common divisor of 130 and 61045465.
65
Calculate the greatest common divisor of 4736 and 3182444.
148
What is the highest common factor of 3 and 17326653?
3
Calculate the highest common factor of 7190047 and 1271.
1271
Calculate the highest common factor of 342768 and 3734743.
7141
What is the highest common divisor of 123089771 and 665?
133
What is the highest common factor of 2533146 and 7777?
77
What is the greatest common factor of 51 and 1423029693?
51
Calculate the highest common divisor of 11374588 and 107188.
844
What is the greatest common factor of 119230147 and 2105?
421
Calculate the greatest common divisor of 21817356 and 7458.
66
Calculate the greatest common divisor of 129444 and 33432.
84
Calculate the greatest common divisor of 4176 and 617816.
232
What is the highest common factor of 2408922 and 1422?
18
What is the highest common divisor of 1785 and 13828752?
357
Calculate the greatest common factor of 9859896 and 504.
72
Calculate the highest common factor of 3308682 and 494.
26
Calculate the greatest common factor of 5304966 and 561736.
2866
What is the highest common divisor of 141082 and 22034?
46
What is the highest common factor of 1094484 and 184644?
2676
Calculate the greatest common factor of 239659 and 65191.
469
Calculate the greatest common divisor of 1581687 and 162081.
5589
What is the highest